{"id":36,"date":"2023-05-02T10:03:50","date_gmt":"2023-05-02T08:03:50","guid":{"rendered":"https:\/\/drlaurov.sk\/?page_id=36"},"modified":"2023-05-02T10:03:51","modified_gmt":"2023-05-02T08:03:51","slug":"cennik","status":"publish","type":"page","link":"https:\/\/drlaurov.sk\/?page_id=36","title":{"rendered":"Cenn\u00edk"},"content":{"rendered":"\n<p>CENN\u00cdK LEK\u00c1RSKYCH V\u00ddKONOV a PREHLIADOK NEUHR\u00c1DZAN\u00ddCH ZDRAVOTN\u00ddMI POIS\u0164OV\u0147AMI NA Z\u00c1KLADE Z\u00c1KONA \u010c.&nbsp;577\/2004<\/p>\n\n\n\n<p>PLATN\u00dd OD\u00a003.05.2023,\u00a0 PLZCH S.R.O.<\/p>\n\n\n\n<figure class=\"wp-block-table is-style-stripes\"><table><tbody><tr><td>Na vedenie motorov\u00e9ho vozidla &#8211; nov\u00e9 vyhotovenie<\/td><td>20 EUR<\/td><\/tr><tr><td>Na pred\u013a\u017eenie platnosti vodi\u010d\u0161k\u00e9ho preukazu &#8211; d\u00f4chodci<\/td><td>10 EUR<\/td><\/tr><tr><td>Pre dr\u017eanie a nosenie zbran\u00ed a streliva, zbrojn\u00e9ho pasu<\/td><td>30 EUR<\/td><\/tr><tr><td>Pred pobytom a pr\u00e1cou v zahrani\u010d\u00ed, pre let lietadlom a pod.<\/td><td>20 EUR<\/td><\/tr><tr><td>Pre \u0161t\u00fadium \/SOU, S\u0160, V\u0160\/<\/td><td>0 EUR<\/td><\/tr><tr><td>Vystavenie zdravotn\u00e9ho preukazu<\/td><td>15 EUR<\/td><\/tr><tr><td>Prevent\u00edvna prehliadka v s\u00favislosti s v\u00fdkonom povolania<\/td><td>20 EUR<\/td><\/tr><tr><td>Vy\u0161etrenie pred aplik\u00e1ciou o\u010dkovacej l\u00e1tky nehradenej zo ZP<\/td><td>10 EUR<\/td><\/tr><tr><td>V\u00fdpis zo zdravotnej dokument\u00e1cie na \u017eiados\u0165 pacienta<\/td><td>10 EUR<\/td><\/tr><tr><td>Spr\u00e1va o zdravotnom stave pre komer\u010dn\u00e9 pois\u0165ovne<\/td><td>20 EUR<\/td><\/tr><\/tbody><\/table><\/figure>\n","protected":false},"excerpt":{"rendered":"<p>CENN\u00cdK LEK\u00c1RSKYCH V\u00ddKONOV a PREHLIADOK NEUHR\u00c1DZAN\u00ddCH ZDRAVOTN\u00ddMI POIS\u0164OV\u0147AMI NA Z\u00c1KLADE Z\u00c1KONA \u010c.&nbsp;577\/2004 PLATN\u00dd OD\u00a003.05.2023,\u00a0 PLZCH S.R.O. Na vedenie motorov\u00e9ho vozidla &#8211; nov\u00e9 vyhotovenie 20 EUR Na pred\u013a\u017eenie platnosti vodi\u010d\u0161k\u00e9ho preukazu &#8211; d\u00f4chodci 10 EUR Pre dr\u017eanie a nosenie zbran\u00ed a streliva, zbrojn\u00e9ho pasu 30 EUR Pred pobytom a pr\u00e1cou v zahrani\u010d\u00ed, pre let lietadlom a<\/p>\n","protected":false},"author":1,"featured_media":0,"parent":0,"menu_order":0,"comment_status":"closed","ping_status":"closed","template":"","meta":{"_mi_skip_tracking":false},"yoast_head":"<!-- This site is optimized with the Yoast SEO plugin v20.5 - https:\/\/yoast.com\/wordpress\/plugins\/seo\/ -->\n<title>Cenn\u00edk - Dr. Laurov<\/title>\n<meta name=\"robots\" content=\"index, follow, max-snippet:-1, max-image-preview:large, max-video-preview:-1\" \/>\n<link rel=\"canonical\" href=\"https:\/\/drlaurov.sk\/?page_id=36\" \/>\n<meta property=\"og:locale\" content=\"sk_SK\" \/>\n<meta property=\"og:type\" content=\"article\" \/>\n<meta property=\"og:title\" content=\"Cenn\u00edk - Dr. Laurov\" \/>\n<meta property=\"og:description\" content=\"CENN\u00cdK LEK\u00c1RSKYCH V\u00ddKONOV a PREHLIADOK NEUHR\u00c1DZAN\u00ddCH ZDRAVOTN\u00ddMI POIS\u0164OV\u0147AMI NA Z\u00c1KLADE Z\u00c1KONA \u010c.&nbsp;577\/2004 PLATN\u00dd OD\u00a003.05.2023,\u00a0 PLZCH S.R.O. Na vedenie motorov\u00e9ho vozidla &#8211; nov\u00e9 vyhotovenie 20 EUR Na pred\u013a\u017eenie platnosti vodi\u010d\u0161k\u00e9ho preukazu &#8211; d\u00f4chodci 10 EUR Pre dr\u017eanie a nosenie zbran\u00ed a streliva, zbrojn\u00e9ho pasu 30 EUR Pred pobytom a pr\u00e1cou v zahrani\u010d\u00ed, pre let lietadlom a\" \/>\n<meta property=\"og:url\" content=\"https:\/\/drlaurov.sk\/?page_id=36\" \/>\n<meta property=\"og:site_name\" content=\"Dr. Laurov\" \/>\n<meta property=\"article:modified_time\" content=\"2023-05-02T08:03:51+00:00\" \/>\n<meta name=\"twitter:card\" content=\"summary_large_image\" \/>\n<meta name=\"twitter:label1\" content=\"Predpokladan\u00fd \u010das \u010d\u00edtania\" \/>\n\t<meta name=\"twitter:data1\" content=\"1 min\u00fata\" \/>\n<script type=\"application\/ld+json\" class=\"yoast-schema-graph\">{\"@context\":\"https:\/\/schema.org\",\"@graph\":[{\"@type\":\"WebPage\",\"@id\":\"https:\/\/drlaurov.sk\/?page_id=36\",\"url\":\"https:\/\/drlaurov.sk\/?page_id=36\",\"name\":\"Cenn\u00edk - Dr. Laurov\",\"isPartOf\":{\"@id\":\"https:\/\/drlaurov.sk\/#website\"},\"datePublished\":\"2023-05-02T08:03:50+00:00\",\"dateModified\":\"2023-05-02T08:03:51+00:00\",\"breadcrumb\":{\"@id\":\"https:\/\/drlaurov.sk\/?page_id=36#breadcrumb\"},\"inLanguage\":\"sk-SK\",\"potentialAction\":[{\"@type\":\"ReadAction\",\"target\":[\"https:\/\/drlaurov.sk\/?page_id=36\"]}]},{\"@type\":\"BreadcrumbList\",\"@id\":\"https:\/\/drlaurov.sk\/?page_id=36#breadcrumb\",\"itemListElement\":[{\"@type\":\"ListItem\",\"position\":1,\"name\":\"Home\",\"item\":\"https:\/\/drlaurov.sk\/\"},{\"@type\":\"ListItem\",\"position\":2,\"name\":\"Cenn\u00edk\"}]},{\"@type\":\"WebSite\",\"@id\":\"https:\/\/drlaurov.sk\/#website\",\"url\":\"https:\/\/drlaurov.sk\/\",\"name\":\"Dr. Laurov\",\"description\":\"V\u0161eobecn\u00fd lek\u00e1r pre dospel\u00fdch\",\"potentialAction\":[{\"@type\":\"SearchAction\",\"target\":{\"@type\":\"EntryPoint\",\"urlTemplate\":\"https:\/\/drlaurov.sk\/?s={search_term_string}\"},\"query-input\":\"required name=search_term_string\"}],\"inLanguage\":\"sk-SK\"}]}<\/script>\n<!-- \/ Yoast SEO plugin. -->","yoast_head_json":{"title":"Cenn\u00edk - Dr. Laurov","robots":{"index":"index","follow":"follow","max-snippet":"max-snippet:-1","max-image-preview":"max-image-preview:large","max-video-preview":"max-video-preview:-1"},"canonical":"https:\/\/drlaurov.sk\/?page_id=36","og_locale":"sk_SK","og_type":"article","og_title":"Cenn\u00edk - Dr. Laurov","og_description":"CENN\u00cdK LEK\u00c1RSKYCH V\u00ddKONOV a PREHLIADOK NEUHR\u00c1DZAN\u00ddCH ZDRAVOTN\u00ddMI POIS\u0164OV\u0147AMI NA Z\u00c1KLADE Z\u00c1KONA \u010c.&nbsp;577\/2004 PLATN\u00dd OD\u00a003.05.2023,\u00a0 PLZCH S.R.O. Na vedenie motorov\u00e9ho vozidla &#8211; nov\u00e9 vyhotovenie 20 EUR Na pred\u013a\u017eenie platnosti vodi\u010d\u0161k\u00e9ho preukazu &#8211; d\u00f4chodci 10 EUR Pre dr\u017eanie a nosenie zbran\u00ed a streliva, zbrojn\u00e9ho pasu 30 EUR Pred pobytom a pr\u00e1cou v zahrani\u010d\u00ed, pre let lietadlom a","og_url":"https:\/\/drlaurov.sk\/?page_id=36","og_site_name":"Dr. Laurov","article_modified_time":"2023-05-02T08:03:51+00:00","twitter_card":"summary_large_image","twitter_misc":{"Predpokladan\u00fd \u010das \u010d\u00edtania":"1 min\u00fata"},"schema":{"@context":"https:\/\/schema.org","@graph":[{"@type":"WebPage","@id":"https:\/\/drlaurov.sk\/?page_id=36","url":"https:\/\/drlaurov.sk\/?page_id=36","name":"Cenn\u00edk - Dr. Laurov","isPartOf":{"@id":"https:\/\/drlaurov.sk\/#website"},"datePublished":"2023-05-02T08:03:50+00:00","dateModified":"2023-05-02T08:03:51+00:00","breadcrumb":{"@id":"https:\/\/drlaurov.sk\/?page_id=36#breadcrumb"},"inLanguage":"sk-SK","potentialAction":[{"@type":"ReadAction","target":["https:\/\/drlaurov.sk\/?page_id=36"]}]},{"@type":"BreadcrumbList","@id":"https:\/\/drlaurov.sk\/?page_id=36#breadcrumb","itemListElement":[{"@type":"ListItem","position":1,"name":"Home","item":"https:\/\/drlaurov.sk\/"},{"@type":"ListItem","position":2,"name":"Cenn\u00edk"}]},{"@type":"WebSite","@id":"https:\/\/drlaurov.sk\/#website","url":"https:\/\/drlaurov.sk\/","name":"Dr. Laurov","description":"V\u0161eobecn\u00fd lek\u00e1r pre dospel\u00fdch","potentialAction":[{"@type":"SearchAction","target":{"@type":"EntryPoint","urlTemplate":"https:\/\/drlaurov.sk\/?s={search_term_string}"},"query-input":"required name=search_term_string"}],"inLanguage":"sk-SK"}]}},"_links":{"self":[{"href":"https:\/\/drlaurov.sk\/index.php?rest_route=\/wp\/v2\/pages\/36"}],"collection":[{"href":"https:\/\/drlaurov.sk\/index.php?rest_route=\/wp\/v2\/pages"}],"about":[{"href":"https:\/\/drlaurov.sk\/index.php?rest_route=\/wp\/v2\/types\/page"}],"author":[{"embeddable":true,"href":"https:\/\/drlaurov.sk\/index.php?rest_route=\/wp\/v2\/users\/1"}],"replies":[{"embeddable":true,"href":"https:\/\/drlaurov.sk\/index.php?rest_route=%2Fwp%2Fv2%2Fcomments&post=36"}],"version-history":[{"count":1,"href":"https:\/\/drlaurov.sk\/index.php?rest_route=\/wp\/v2\/pages\/36\/revisions"}],"predecessor-version":[{"id":37,"href":"https:\/\/drlaurov.sk\/index.php?rest_route=\/wp\/v2\/pages\/36\/revisions\/37"}],"wp:attachment":[{"href":"https:\/\/drlaurov.sk\/index.php?rest_route=%2Fwp%2Fv2%2Fmedia&parent=36"}],"curies":[{"name":"wp","href":"https:\/\/api.w.org\/{rel}","templated":true}]}}