{"id":34,"date":"2023-05-02T09:47:13","date_gmt":"2023-05-02T07:47:13","guid":{"rendered":"https:\/\/drlaurov.sk\/?page_id=34"},"modified":"2023-05-02T09:47:14","modified_gmt":"2023-05-02T07:47:14","slug":"zdravotny-obvod","status":"publish","type":"page","link":"https:\/\/drlaurov.sk\/?page_id=34","title":{"rendered":"Zdravotn\u00fd obvod"},"content":{"rendered":"\n<p>Na z\u00e1klade rozhodnutia Lek\u00e1ra Nitrianskeho samospr\u00e1vneho kraja bol pridelen\u00fd obvod:<\/p>\n\n\n\n<p><strong>Ulice mesta Zlat\u00e9 Moravce<\/strong>:<\/p>\n\n\n\n<p>Pr\u00edlepsk\u00e1<\/p>\n\n\n\n<p>1.m\u00e1ja \u2013 p\u00e1rne \u010d\u00edsla<\/p>\n\n\n\n<p>Gorazdova<\/p>\n\n\n\n<p>Metodova<\/p>\n\n\n\n<p>Vionsk\u00e1<\/p>\n\n\n\n<p>\u0160portov\u00e1<\/p>\n\n\n\n<p>\u0160afranick\u00e1<\/p>\n\n\n\n<p><strong>Slobodn\u00e1 vo\u013eba lek\u00e1ra zost\u00e1va zachovan\u00e1&nbsp;<\/strong><\/p>\n","protected":false},"excerpt":{"rendered":"<p>Na z\u00e1klade rozhodnutia Lek\u00e1ra Nitrianskeho samospr\u00e1vneho kraja bol pridelen\u00fd obvod: Ulice mesta Zlat\u00e9 Moravce: Pr\u00edlepsk\u00e1 1.m\u00e1ja \u2013 p\u00e1rne \u010d\u00edsla Gorazdova Metodova Vionsk\u00e1 \u0160portov\u00e1 \u0160afranick\u00e1 Slobodn\u00e1 vo\u013eba lek\u00e1ra zost\u00e1va zachovan\u00e1&nbsp;<\/p>\n","protected":false},"author":1,"featured_media":0,"parent":0,"menu_order":0,"comment_status":"closed","ping_status":"closed","template":"","meta":{"_mi_skip_tracking":false},"yoast_head":"<!-- This site is optimized with the Yoast SEO plugin v20.5 - https:\/\/yoast.com\/wordpress\/plugins\/seo\/ -->\n<title>Zdravotn\u00fd obvod - Dr. Laurov<\/title>\n<meta name=\"robots\" content=\"index, follow, max-snippet:-1, max-image-preview:large, max-video-preview:-1\" \/>\n<link rel=\"canonical\" href=\"https:\/\/drlaurov.sk\/?page_id=34\" \/>\n<meta property=\"og:locale\" content=\"sk_SK\" \/>\n<meta property=\"og:type\" content=\"article\" \/>\n<meta property=\"og:title\" content=\"Zdravotn\u00fd obvod - Dr. Laurov\" \/>\n<meta property=\"og:description\" content=\"Na z\u00e1klade rozhodnutia Lek\u00e1ra Nitrianskeho samospr\u00e1vneho kraja bol pridelen\u00fd obvod: Ulice mesta Zlat\u00e9 Moravce: Pr\u00edlepsk\u00e1 1.m\u00e1ja \u2013 p\u00e1rne \u010d\u00edsla Gorazdova Metodova Vionsk\u00e1 \u0160portov\u00e1 \u0160afranick\u00e1 Slobodn\u00e1 vo\u013eba lek\u00e1ra zost\u00e1va zachovan\u00e1&nbsp;\" \/>\n<meta property=\"og:url\" content=\"https:\/\/drlaurov.sk\/?page_id=34\" \/>\n<meta property=\"og:site_name\" content=\"Dr. Laurov\" \/>\n<meta property=\"article:modified_time\" content=\"2023-05-02T07:47:14+00:00\" \/>\n<meta name=\"twitter:card\" content=\"summary_large_image\" \/>\n<meta name=\"twitter:label1\" content=\"Predpokladan\u00fd \u010das \u010d\u00edtania\" \/>\n\t<meta name=\"twitter:data1\" content=\"1 min\u00fata\" \/>\n<script type=\"application\/ld+json\" class=\"yoast-schema-graph\">{\"@context\":\"https:\/\/schema.org\",\"@graph\":[{\"@type\":\"WebPage\",\"@id\":\"https:\/\/drlaurov.sk\/?page_id=34\",\"url\":\"https:\/\/drlaurov.sk\/?page_id=34\",\"name\":\"Zdravotn\u00fd obvod - Dr. Laurov\",\"isPartOf\":{\"@id\":\"https:\/\/drlaurov.sk\/#website\"},\"datePublished\":\"2023-05-02T07:47:13+00:00\",\"dateModified\":\"2023-05-02T07:47:14+00:00\",\"breadcrumb\":{\"@id\":\"https:\/\/drlaurov.sk\/?page_id=34#breadcrumb\"},\"inLanguage\":\"sk-SK\",\"potentialAction\":[{\"@type\":\"ReadAction\",\"target\":[\"https:\/\/drlaurov.sk\/?page_id=34\"]}]},{\"@type\":\"BreadcrumbList\",\"@id\":\"https:\/\/drlaurov.sk\/?page_id=34#breadcrumb\",\"itemListElement\":[{\"@type\":\"ListItem\",\"position\":1,\"name\":\"Home\",\"item\":\"https:\/\/drlaurov.sk\/\"},{\"@type\":\"ListItem\",\"position\":2,\"name\":\"Zdravotn\u00fd obvod\"}]},{\"@type\":\"WebSite\",\"@id\":\"https:\/\/drlaurov.sk\/#website\",\"url\":\"https:\/\/drlaurov.sk\/\",\"name\":\"Dr. Laurov\",\"description\":\"V\u0161eobecn\u00fd lek\u00e1r pre dospel\u00fdch\",\"potentialAction\":[{\"@type\":\"SearchAction\",\"target\":{\"@type\":\"EntryPoint\",\"urlTemplate\":\"https:\/\/drlaurov.sk\/?s={search_term_string}\"},\"query-input\":\"required name=search_term_string\"}],\"inLanguage\":\"sk-SK\"}]}<\/script>\n<!-- \/ Yoast SEO plugin. -->","yoast_head_json":{"title":"Zdravotn\u00fd obvod - Dr. Laurov","robots":{"index":"index","follow":"follow","max-snippet":"max-snippet:-1","max-image-preview":"max-image-preview:large","max-video-preview":"max-video-preview:-1"},"canonical":"https:\/\/drlaurov.sk\/?page_id=34","og_locale":"sk_SK","og_type":"article","og_title":"Zdravotn\u00fd obvod - Dr. Laurov","og_description":"Na z\u00e1klade rozhodnutia Lek\u00e1ra Nitrianskeho samospr\u00e1vneho kraja bol pridelen\u00fd obvod: Ulice mesta Zlat\u00e9 Moravce: Pr\u00edlepsk\u00e1 1.m\u00e1ja \u2013 p\u00e1rne \u010d\u00edsla Gorazdova Metodova Vionsk\u00e1 \u0160portov\u00e1 \u0160afranick\u00e1 Slobodn\u00e1 vo\u013eba lek\u00e1ra zost\u00e1va zachovan\u00e1&nbsp;","og_url":"https:\/\/drlaurov.sk\/?page_id=34","og_site_name":"Dr. Laurov","article_modified_time":"2023-05-02T07:47:14+00:00","twitter_card":"summary_large_image","twitter_misc":{"Predpokladan\u00fd \u010das \u010d\u00edtania":"1 min\u00fata"},"schema":{"@context":"https:\/\/schema.org","@graph":[{"@type":"WebPage","@id":"https:\/\/drlaurov.sk\/?page_id=34","url":"https:\/\/drlaurov.sk\/?page_id=34","name":"Zdravotn\u00fd obvod - Dr. Laurov","isPartOf":{"@id":"https:\/\/drlaurov.sk\/#website"},"datePublished":"2023-05-02T07:47:13+00:00","dateModified":"2023-05-02T07:47:14+00:00","breadcrumb":{"@id":"https:\/\/drlaurov.sk\/?page_id=34#breadcrumb"},"inLanguage":"sk-SK","potentialAction":[{"@type":"ReadAction","target":["https:\/\/drlaurov.sk\/?page_id=34"]}]},{"@type":"BreadcrumbList","@id":"https:\/\/drlaurov.sk\/?page_id=34#breadcrumb","itemListElement":[{"@type":"ListItem","position":1,"name":"Home","item":"https:\/\/drlaurov.sk\/"},{"@type":"ListItem","position":2,"name":"Zdravotn\u00fd obvod"}]},{"@type":"WebSite","@id":"https:\/\/drlaurov.sk\/#website","url":"https:\/\/drlaurov.sk\/","name":"Dr. Laurov","description":"V\u0161eobecn\u00fd lek\u00e1r pre dospel\u00fdch","potentialAction":[{"@type":"SearchAction","target":{"@type":"EntryPoint","urlTemplate":"https:\/\/drlaurov.sk\/?s={search_term_string}"},"query-input":"required name=search_term_string"}],"inLanguage":"sk-SK"}]}},"_links":{"self":[{"href":"https:\/\/drlaurov.sk\/index.php?rest_route=\/wp\/v2\/pages\/34"}],"collection":[{"href":"https:\/\/drlaurov.sk\/index.php?rest_route=\/wp\/v2\/pages"}],"about":[{"href":"https:\/\/drlaurov.sk\/index.php?rest_route=\/wp\/v2\/types\/page"}],"author":[{"embeddable":true,"href":"https:\/\/drlaurov.sk\/index.php?rest_route=\/wp\/v2\/users\/1"}],"replies":[{"embeddable":true,"href":"https:\/\/drlaurov.sk\/index.php?rest_route=%2Fwp%2Fv2%2Fcomments&post=34"}],"version-history":[{"count":1,"href":"https:\/\/drlaurov.sk\/index.php?rest_route=\/wp\/v2\/pages\/34\/revisions"}],"predecessor-version":[{"id":35,"href":"https:\/\/drlaurov.sk\/index.php?rest_route=\/wp\/v2\/pages\/34\/revisions\/35"}],"wp:attachment":[{"href":"https:\/\/drlaurov.sk\/index.php?rest_route=%2Fwp%2Fv2%2Fmedia&parent=34"}],"curies":[{"name":"wp","href":"https:\/\/api.w.org\/{rel}","templated":true}]}}